99458
In base 16, what is -5a - 370?
-3ca
In base 15, what is e0 + -ac?
33
In base 7, what is 6 + -40514?
-40505
In base 4, what is 1230010223 - 3?
1230010220
In base 10, what is 94 + -6077?
-5983
In base 13, what is -1720 - 1bc?
-190c
In base 12, what is -b3 + 8165?
8072
In base 10, what is -1642 - 122?
-1764
In base 14, what is -50 + 735?
6c5
In base 4, what is 10222223211 - 10?
10222223201
In base 11, what is -86 - -450?
375
In base 10, what is -349 - 15?
-364
In base 8, what is -11317133 - -4?
-11317127
In base 16, what is -15 + -210b6?
-210cb
In base 9, what is 22572 - 4?
22567
In base 5, what is 413 + 101314?
102232
In base 6, what is -10 + -1300025?
-1300035
In base 12, what is 797697 + 2?
797699
In base 6, what is 1054 + 10153?
11251
In base 13, what is -2 + 305?
303
In base 4, what is 10310 + 23322?
100232
In base 8, what is 5030030 + -5?
5030023
In base 13, what is -3ca + -14?
-411
In base 11, what is -310 + -245?
-555
In base 7, what is 0 - -11044033?
11044033
In base 14, what is -2 + 2708a?
27088
In base 15, what is d1 + -32?
9e
In base 8, what is -3 + -3477507?
-3477512
In base 13, what is -4a - 448?
-495
In base 7, what is -5 + -16616?
-16624
In base 13, what is 35 - -1cc1?
2026
In base 6, what is -5 + -4135410?
-4135415
In base 4, what is 301303203 - -11?
301303220
In base 10, what is 4 + 12?
16
In base 14, what is 3167 + -6?
3161
In base 5, what is -143142433 - 10?
-143142443
In base 7, what is 3265 + -42?
3223
In base 2, what is 10000101110 + -101111001?
1010110101
In base 14, what is 0 + 8a50b?
8a50b
In base 8, what is 125 - -3254?
3401
In base 13, what is 7 + -39c3?
-39b9
In base 8, what is 17457523 - -4?
17457527
In base 7, what is 1 - -12266451?
12266452
In base 11, what is -15 - -6076a?
60755
In base 15, what is 4 + -1223d?
-12239
In base 10, what is 1536 - -417?
1953
In base 12, what is 10 - -1523?
1533
In base 13, what is -1354984 - 2?
-1354986
In base 9, what is -34 - 3624?
-3658
In base 7, what is 451524 - -5?
451532
In base 9, what is -4 + 18466?
18462
In base 6, what is -133051 - 2?
-133053
In base 3, what is -10 - -1122211012?
1122211002
In base 7, what is -45311 + -12?
-45323
In base 13, what is a - 370a?
-3700
In base 14, what is -1 + -103ab?
-103ac
In base 15, what is -5 - a7404?
-a7409
In base 14, what is -35 + 1328?
12d3
In base 3, what is 12 + 101122112?
101122201
In base 7, what is -4 - 61355?
-61362
In base 9, what is -5 + -7682?
-7687
In base 12, what is 6647 + -11b?
6528
In base 6, what is -205322 + -4?
-205330
In base 11, what is 354 + -19a?
165
In base 11, what is 2430390 + -3?
2430388
In base 10, what is -3 + 11659?
11656
In base 11, what is -89 + -28379?
-28457
In base 10, what is -2000 + -19?
-2019
In base 14, what is -113 + -10c2?
-11d5
In base 2, what is 1000111 - 1011000010001?
-1010111001010
In base 11, what is a84a - 3?
a847
In base 16, what is 5e0e - 1?
5e0d
In base 16, what is 4c8 - -b9?
581
In base 14, what is -4 - -8a073?
8a06d
In base 14, what is -784 + -39?
-7bd
In base 3, what is -100111 - -100201?
20
In base 16, what is 17 + 182b2?
182c9
In base 4, what is -1013302 + -11?
-1013313
In base 7, what is -4502 + 12?
-4460
In base 14, what is -1 - -2a3?
2a2
In base 8, what is -124225 + 5?
-124220
In base 14, what is 3dd9c - 38?
3dd64
In base 14, what is -97522 - -2?
-97520
In base 12, what is 351 + -a86?
-735
In base 6, what is -22 + 3442003?
3441541
In base 6, what is -15 + -3235151?
-3235210
In base 3, what is -12111120 + 20010?
-12021110
In base 7, what is 12055 - -2202?
14260
In base 12, what is 59288 - 6?
59282
In base 3, what is 10 + -10212012220?
-10212012210
In base 13, what is 165 - -32?
197
In base 9, what is -4386 - -186?
-4200
In base 7, what is 11123 - -1?
11124
In base 15, what is 96 + 0?
96
In base 6, what is -400433 - -3?
-400430
In base 2, what is 11011010111010000 + 101?
11011010111010101
In base 15, what is 5 - 22d1?
-22cb
In base 4, what is 0 - 3111201?
-3111201
In base 15, what is -71 - -1c64?
1be3
In base 2, what is 11101000111011101101 - 0?
11101000111011101101
In base 8, what is -12 + 13123?
13111
In base 5, what is 3 - -22223040?
22223043
In base 8, what is -430640 - -15?
-430623
In base 12, what is -27 - -406a?
4043
In base 2, what is 100100 + 101001010111010?
101001011011110
In base 15, what is -5 - -a30a?
a305
In base 9, what is -145170 - 4?
-145174
In base 5, what is 14203234 - 3?
14203231
In base 7, what is -14654 - -616?
-14035
In base 6, what is 3510141 + -1?
3510140
In base 4, what is -101232310 + -120?
-101233030
In base 14, what is -85 - -522?
47b
In base 7, what is 45 - 213360?
-213312
In base 5, what is 201 + -102?
44
In base 7, what is 251 + -305?
-24
In base 4, what is 223310 + 3?
223313
In base 2, what is 110111000 - 111011?
101111101
In base 6, what is -35355415 - -5?
-35355410
In base 7, what is -315 - 5204?
-5522
In base 13, what is 200b61 + 2?
200b63
In base 13, what is -6 - -79c65?
79c5c
In base 15, what is 6 + -3195?
-318e
In base 6, what is 22354 - 2?
22352
In base 5, what is 333 + 3342?
4230
In base 2, what is 11101110100010 - -11?
11101110100101
In base 10, what is -17 - 3441?
-3458
In base 2, what is -10100000 - -1110000?
-110000
In base 11, what is 50 + -603?
-563
In base 15, what is 3489 - -2?
348b
In base 9, what is 5 + 8513?
8518
In base 3, what is -1201 + 12021201?
12020000
In base 3, what is 200211 + 20102?
221020
In base 11, what is 16873 - 2?
16871
In base 13, what is 547 - -632?
b79
In base 15, what is -49c93 + -1?
-49c94
In base 4, what is -2012011 - 12231?
-2030302
In base 2, what is 1100110110 + 10000?
1101000110
In base 6, what is -14343330 + -5?
-14343335
In base 14, what is -43356 + -4?
-4335a
In base 6, what is 203240 - -2?
203242
In base 3, what is 10 + 2101021122?
2101021202
In base 16, what is 11 - -2d35?
2d46
In base 7, what is -12542 - 1505?
-14350
In base 2, what is -100 + -111000010001100110101?
-111000010001100111001
In base 8, what is 4406 - 27?
4357
In base 14, what is -25 - -c72?
c4b
In base 16, what is 2 + 270f8?
270fa
In base 13, what is -1527 + -228?
-1752
In base 5, what is -1 + -10433004?
-10433010
In base 2, what is 100 - -111101000010111010?
111101000010111110
In base 16, what is -1cfb9a + 5?
-1cfb95
In base 2, what is -10001111011110 - 1010110?
-10010000110100
In base 8, what is -3676042 - 1?
-3676043
In base 9, what is -6 - -182611?
182604
In base 11, what is -900 + 24?
-887
In base 15, what is 9 + 1a9b8?
1a9c2
In base 13, what is 4 - ac31?
-ac2a
In base 2, what is 11011011001101 - 101011001?
11010101110100
In base 12, what is -35 - -8061?
8028
In base 3, what is 10121112 - 120212?
10000200
In base 16, what is -1 - 13d2a?
-13d2b
In base 9, what is -58120 + 22?
-58087
In base 4, what is 1221200 + 22?
1221222
In base 7, what is -3564 + -45?
-3642
In base 14, what is -201b + 2?
-2019
In base 6, what is -342122 - -2?
-342120
In base 3, what is 21101002210121 - 10?
21101002210111
In base 12, what is -ba0b7 - -2?
-ba0b5
In base 12, what is 17813 + -2b?
177a4
In base 16, what is 234 + 5e?
292
In base 14, what is 15 + 15d?
174
In base 15, what is 9 - 6?
3
In base 7, what is 16 - 1120?
-1101
In base 12, what is -46 - -3b2?
368
In base 8, what is 2 - -4576?
4600
In base 6, what is 14155 + -243?
13512
In base 10, what is 9 + -94631?
-94622
In base 14, what is 16 - d753?
-d73b
In base 7, what is -154550 - -1?
-154546
In base 9, what is 870 - -2781?
3761
In base 16, what is -1 + -3eb5d?
-3eb5e
In base 13, what is -24059 + 2?
-24057
In base 8, what is -533336 + -1?
-533337
In base 3, what is 11 + 11022200000?
11022200011
In base 3, what is 2 - -22222210?
22222212
In base 2, what is 1 - -1000001110101110?
1000001110101111
In base 15, what is b96 - -b?
ba2
In base 9, what is 1842020 + 1?
1842021
In base 8, what is 5 - 33626?
-33621
In base 4, what is -1203222303 - -10?
-1203222233
In base 6, what is 213022 + -23?
212555
In base 16, what is 1b - -1b22?
1b3d
In base 16, what is -3673 + 25?
-364e
In base 7, what is -4 + 2434045?
2434041
In base 14, what is 70 - -dac?
103c
In base 16, what is -3d695a - 5?
-3d695f
In base 10, what is 8934 + -3?
8931
In base 9, what is -14 - -14027?
14013
In base 13, what is 5676 + 3?
5679
In base 2, what is 100010 + 111011100111?
111100001001
In base 6, what is 52 - -311?
403
In base 4, what